 -2413 - -4?
-2404
In base 14, what is 362 + -7?
359
In base 11, what is 4 - 93410?
-93407
In base 3, what is -11020 - 1112?
-12202
In base 2, what is 10010000110010001011 + 101?
10010000110010010000
In base 12, what is -3 - 9909?
-9910
In base 14, what is a2c - -52?
a80
In base 9, what is 7765 - -40?
7815
In base 13, what is 1 - -28c6?
28c7
In base 7, what is -133 + -522?
-655
In base 8, what is -1 + 17317?
17316
In base 6, what is 32444534 - 3?
32444531
In base 9, what is -442858 - 11?
-442870
In base 9, what is -540655 - -2?
-540653
In base 9, what is -8 + -216412?
-216421
In base 16, what is -362fc + -1?
-362fd
In base 13, what is 150 - 31b?
-19b
In base 12, what is 7ab4 - 6?
7aaa
In base 16, what is 89f - -56?
8f5
In base 12, what is 3 + 631a0?
631a3
In base 6, what is 0 + 101452?
101452
In base 12, what is -15a2 + 5b6?
-ba8
In base 3, what is -212121022 - -12?
-212121010
In base 4, what is -1013301 + -12221?
-1032122
In base 15, what is 5 + -53cc?
-53c7
In base 11, what is 4 + 90552?
90556
In base 3, what is 1122 - -1000012000?
1000020122
In base 3, what is -12220202 + -10020?
-20000222
In base 15, what is -145 + 5?
-140
In base 4, what is -200 - 10131210?
-10132010
In base 12, what is -b5a4 - 6?
-b5aa
In base 14, what is 838 - 20?
818
In base 9, what is 64 + 1531?
1605
In base 11, what is 4994 + 9?
49a2
In base 15, what is 7 + b5b?
b63
In base 2, what is -100001110100001011 - 11?
-100001110100001110
In base 15, what is -4 - -3899?
3895
In base 4, what is 11 + 3322231?
3322302
In base 15, what is 55180a + 1?
55180b
In base 3, what is -2220120122 - 1?
-2220120200
In base 10, what is -4 - -24424?
24420
In base 6, what is 3 + 331001?
331004
In base 5, what is 2401421 + 34?
2402010
In base 5, what is -100034400 + -22?
-100034422
In base 9, what is -380385 + 2?
-380383
In base 10, what is -5 - 1085680?
-1085685
In base 10, what is -83833 + -4?
-83837
In base 6, what is 21 + -504430?
-504405
In base 14, what is -6 + -395c?
-3964
In base 11, what is -13908 + -4?
-13911
In base 8, what is -5 + -2515010?
-2515015
In base 15, what is 64 + -2d2b?
-2cb7
In base 14, what is 0 - 3023a?
-3023a
In base 8, what is 33133 + 1?
33134
In base 9, what is -115375 + 3?
-115372
In base 5, what is 0 + -124342?
-124342
In base 14, what is 12d53 - -6?
12d59
In base 9, what is -637332 + -1?
-637333
In base 11, what is 2157255 + -5?
2157250
In base 5, what is -101 + 3041?
2440
In base 12, what is 3717 - 6?
3711
In base 9, what is -2533065 - 2?
-2533067
In base 7, what is -1 - -250136?
250135
In base 5, what is -1032443221 - -4?
-1032443212
In base 10, what is 10163 + 45?
10208
In base 16, what is 7 + 114f?
1156
In base 2, what is -10 + 10000101011111111?
10000101011111101
In base 8, what is 1 - -124650?
124651
In base 16, what is 258 - -e?
266
In base 11, what is 2 - 219641?
-21963a
In base 15, what is -14b9 - -3?
-14b6
In base 5, what is -122440142 + 13?
-122440124
In base 9, what is 604200 + -12?
604177
In base 12, what is 2 + 6455?
6457
In base 12, what is -54b0 - 52?
-5542
In base 9, what is 4585742 - -4?
4585746
In base 12, what is -190a81 - 3?
-190a84
In base 11, what is -18 - 27081?
-27099
In base 5, what is -1033313 + -431?
-1034244
In base 15, what is e827 - 1?
e826
In base 5, what is -423230 + 3143?
-420032
In base 10, what is 24 - -20617?
20641
In base 14, what is 83 + -29?
58
In base 14, what is 13a8 + 4?
13ac
In base 11, what is 1010654 + 3?
1010657
In base 6, what is 312 - 22403?
-22051
In base 14, what is -d03665 + -1?
-d03666
In base 11, what is -1 + -6668?
-6669
In base 3, what is -10222 + 1020001?
1002002
In base 5, what is -11 + -121423001?
-121423012
In base 8, what is 5310 - -4?
5314
In base 2, what is 1010110101 + 111110100?
10010101001
In base 9, what is 32411 + -5?
32405
In base 16, what is a78 - -6d?
ae5
In base 7, what is 1 + -540006?
-540005
In base 10, what is 1124 - -8?
1132
In base 12, what is 3199 + -9b?
30ba
In base 13, what is 1534 - -5?
1539
In base 3, what is -122010 - 1100010?
-1222020
In base 2, what is -10011111010110001 - 100?
-10011111010110101
In base 8, what is 5171 + -11?
5160
In base 14, what is -21d - -b5?
-148
In base 9, what is -28 + -687?
-726
In base 4, what is -3110001 - 3?
-3110010
In base 16, what is b + -dfe3?
-dfd8
In base 7, what is 11446 + 51?
11530
In base 10, what is 8126 + 54?
8180
In base 13, what is 29 - -220?
249
In base 2, what is -110001110101100000 + -11?
-110001110101100011
In base 3, what is -2000101 - -211?
-1222120
In base 4, what is 131 + -10120220?
-10120023
In base 8, what is 0 - -125240?
125240
In base 16, what is -1b69 + f?
-1b5a
In base 4, what is -111030032 + 0?
-111030032
In base 13, what is 8c0 + -960?
-70
In base 12, what is 2 + -467a2?
-467a0
In base 6, what is -3202 - 24?
-3230
In base 6, what is -52352 - 25?
-52421
In base 9, what is -14 + 12101?
12076
In base 8, what is -74 + -1061?
-1155
In base 9, what is 177 + -235?
-47
In base 7, what is -21002026 - 3?
-21002032
In base 3, what is 22201112 + -210?
22200202
In base 3, what is -1001202101 - 211?
-1001210012
In base 9, what is 133236 - 4?
133232
In base 5, what is 1431 + 112313?
114244
In base 15, what is -2 + 973db?
973d9
In base 13, what is 4a9b + 26?
4ac4
In base 11, what is -761862 - 2?
-761864
In base 14, what is -1435 - -8?
-142b
In base 9, what is -303 + -33?
-336
In base 2, what is 11010 - 1010110011010?
-1010110000000
In base 8, what is 4105351 - 3?
4105346
In base 14, what is 3 - c391a?
-c3917
In base 16, what is c7d - 6?
c77
In base 9, what is -5503 - 258?
-5762
In base 16, what is 1 + c726?
c727
In base 10, what is -416 - -596?
180
In base 11, what is 2 - -39884?
39886
In base 3, what is -20 - -1002202101?
1002202011
In base 8, what is 77616 - 3?
77613
In base 16, what is -2870 - 8?
-2878
In base 8, what is 2733744 + -4?
2733740
In base 2, what is 101 - 11110110110100?
-11110110101111
In base 12, what is 4 + -8633?
-862b
In base 13, what is -5654 + 0?
-5654
In base 3, what is -11100022 - 12?
-11100111
In base 7, what is 320561 + 2?
320563
In base 5, what is -3344 - -414?
-2430
In base 5, what is -4 + 4041444?
4041440
In base 7, what is -24 + -620352?
-620406
In base 4, what is 221310 + -30231?
131013
In base 8, what is 16 + -45023?
-45005
In base 9, what is -114866 + 16?
-114850
In base 3, what is -2 - 101111011?
-101111020
In base 13, what is -9b391 + 5?
-9b389
In base 9, what is 1016 + 10?
1026
In base 15, what is -13 + 4ec8?
4eb5
In base 15, what is -1d56 + 5?
-1d51
In base 5, what is 322 + -2300212?
-2244340
In base 6, what is 1021521 + -33?
1021444
In base 5, what is -124 - -4231?
4102
In base 15, what is 1c5c1 + -7?
1c5b9
In base 9, what is 304 + 36?
341
In base 12, what is 1962 + 12?
1974
In base 15, what is -2 - -31b4?
31b2
In base 12, what is 40441 + 4?
40445
In base 8, what is 7410 - -23?
7433
In base 5, what is 14 - -20113100?
20113114
In base 11, what is 1089339 + 0?
1089339
In base 11, what is -1a + 448?
429
In base 10, what is -97 - -441?
344
In base 6, what is -213 - -1055?
442
In base 16, what is 1 - 10669?
-10668
In base 12, what is -87 - 207?
-292
In base 3, what is 1012 + -211121122?
-211120110
In base 13, what is c955 + -38?
c91a
In base 13, what is -107 + -3a6?
-4b0
In base 4, what is -133 - -10020333?
10020200
In base 9, what is 5 + -7841?
-7835
In base 12, what is -3716 - 22?
-3738
In base 3, what is -100120120121 - 101?
-100120120222
In base 13, what is 333 - 44?
2bc
In base 16, what is 11 + -3ae5?
-3ad4
In base 15, what is -486c + -12?
-487e
In base 10, what is 56 - 253?
-197
In base 10, what is -11 - -1270?
1259
In base 16, what is dc + 154e?
162a
In base 6, what is -20300 - -4024?
-12232
In base 9, what is 1532 - 1866?
-334
In base 4, what is 20 - 1030012?
-1023332
In base 13, what is -3 - -28b2?
28ac
In base 5, what is -2100022020 + 2?
-2100022013
In base 16, what is -5 - 123b?
-1240
In base 16, what is 6f + 45c?
4cb
In base 6, what is 105402 + 44?
105450
In base 9, what is 30735 - -88?
30834
In base 7, what is 421032 - 5?
421024
In base 8, what is -1526 + -1612?
-3340
In base 13, what is -16c + -317?
-486
In base 4, what is -1 - 33201010?
-33201011
In base 10, what is 0 + 98316?
98316
In base 7, what is -111 - -10?
-101
In base 3, what is 10 + -1100221022?
-1100221012
In base 9, what is -3